at is the units digit of y?
4
Let a(d) = d + 6. Let r be a(-4). Suppose 5*c + 5*s - 10 = 0, r*c - s - 18 = 4*s. Let i = c - 3. What is the units digit of i?
1
Let q = 9 - 4. Suppose 5*n - s - 4 - q = 0, 4*s = 4. Suppose f + n*f = 12. What is the units digit of f?
4
Suppose -o + 2 + 10 = 4*t, -t = -o - 8. Suppose -t*g - 36 = -88. What is the units digit of g?
3
Let j(d) = 2*d**3 - 4*d**2 + 2*d + 1. Let h be j(2). Suppose -h*r - 5 = 5*f, -4*r + 33 = -3*f + 2. Suppose r*y - 2*y - 14 = 0. What is the units digit of y?
7
Let d be (24/(-5))/(6/20). What is the tens digit of d/6*(-30)/4?
2
Let m(y) = -y**2 - 4*y + 2. Let v be m(-6). What is the tens digit of 544/10 + v/25?
5
Let f be ((-4)/5)/(6/(-15)). Let p = 0 + f. Suppose 10 = p*j - 2. What is the units digit of j?
6
Suppose 0 = 2*n - 0*n. Let t be n/(2*-1 - -1). Suppose t = -3*j - j + 40. What is the units digit of j?
0
Let z(c) = -c**3 + 3 - c - 2*c**2 + 5*c**2 + 0*c**2. Let n be z(3). What is the units digit of -1 + n + 25/5?
4
Let z(l) = -l**3 - 5*l**2 - l. Suppose 0 = -9*k + 6*k - 15. Let q be z(k). Suppose -63 = -q*o + 12. What is the tens digit of o?
1
Let s(i) = 2*i - 14. Let p be s(7). Let u = -6 + 10. Suppose p = 4*t + u - 12. What is the units digit of t?
2
Suppose -3*t + 18 = -t. Let a(u) = u**2 - 10*u + 10. What is the units digit of a(t)?
1
Let k = 5 - -5. Suppose -2*j - 4*o - 18 = 0, k = -5*j - 3*o - 0. Let n = j - 0. What is the units digit of n?
1
Suppose -u - 480 = -6*u. What is the tens digit of u?
9
Let r = -1 - -4. Let t = -15 + 16. Let f = r - t. What is the units digit of f?
2
Let n(a) = 7*a**2 + 2*a. Suppose -5*u - 5 - 5 = 0. Let i be n(u). Suppose -4*p + 24 = -i. What is the units digit of p?
2
Let w(o) = o + 9. Let v be 4 + 3/6*-2. Suppose n - v*n = 16. What is the units digit of w(n)?
1
Let r be (-8)/(-40) - (-58)/10. Suppose 7 = r*c - 7*c. Let q(p) = -p**3 - 6*p**2 + 5*p - 2. What is the tens digit of q(c)?
1
Let d(w) = 2*w + 63. What is the units digit of d(-29)?
5
Let h be ((-4)/(-2))/(0 - 2). Let u be -2 + (2 + -1)*h. Let j = u + 11. What is the units digit of j?
8
Let u = 23 + -34. Let m = 19 - u. Suppose 0*g = -5*k + 2*g + 42, m = k + 5*g. What is the tens digit of k?
1
Let k = -18 + 10. What is the tens digit of (k + 10)/(4/50)?
2
Suppose -h - 95 = -2*h. Let w = h - 46. What is the units digit of w?
9
Let f = 2 - 3. Let p = f - -5. Suppose -32 = -p*k + 12. What is the tens digit of k?
1
Suppose 7*n - 3*n = 40. What is the units digit of n?
0
Let q = 197 - 98. What is the tens digit of q?
9
Suppose -4*r + 28 = 3*g, 5*r = -4*g + 4*r + 20. Suppose -g*z = -4 - 4. What is the units digit of z?
2
Let m be -2 + (8 - 2) + 0. Let j(d) = 5*d - 1. What is the units digit of j(m)?
9
Let y = 13 + -5. Suppose -y*v = -4*v - 76. What is the units digit of v?
9
Let l(z) = -z + 1. Let g be l(5). Let j be (-14)/(-4) + (-2)/g. Suppose -2*v - 3*h + 2 = -j*v, 3*h - 12 = -3*v. What is the units digit of v?
2
Suppose 2*b - 33 = 21. What is the units digit of 3/((b/(-39))/(-3))?
3
Suppose -3*z + 4*l + 220 = 0, 0*l = -5*z + 2*l + 390. What is the units digit of z?
0
What is the tens digit of ((-4)/(-8)*8)/((-4)/(-130))?
3
Suppose 4*l - 14 = -2*b, 2*l + 6 = -3*b + 5*l. Suppose b = 4*r - 7. What is the units digit of r?
2
Suppose 3*g - 89 - 421 = 0. What is the units digit of g?
0
Suppose 51 = -2*l - l. Let b = 37 + l. What is the tens digit of b?
2
Let g be -1 - (-1 - (1 - 1)). Suppose 0 = -4*p - i + 3*i + 4, -3*i = g. What is the units digit of (3/(-9))/(p/(-3))?
1
Let r = -131 + 242. What is the tens digit of r?
1
Let z = -4 - -37. What is the units digit of z?
3
Let i(p) = 12*p - 2. Let r be i(6). Suppose -d - r = -2*d. What is the units digit of d/(-7)*6/(-5)?
2
Let c(f) be the first derivative of -f**4/4 - 7*f**3/3 - f**2 - 3*f + 2. Let d be c(-7). Let l = d + -7. What is the units digit of l?
4
Suppose -11 + 6 = 5*w. Let r be (-4 - -2)*1*w. Suppose -1 = p - r. What is the units digit of p?
1
Let l = 366 + -171. What is the units digit of l?
5
Let x = 63 + -22. What is the tens digit of x?
4
Let r(h) be the third derivative of h**6/120 + h**5/6 - h**4/24 + 4*h**3/3 - 3*h**2. What is the units digit of r(-10)?
8
Let k(y) = -y**2 - 3*y + 12. Let n be k(-5). Suppose n = 2*c - 28. What is the tens digit of c?
1
Let h = 12 + -14. What is the tens digit of ((-32)/10)/(h/15)?
2
Let s = -9 - 12. Let f = -8 - s. What is the units digit of f?
3
Let q(d) = -d - 3. Let j be q(-3). Let o(r) = -r**2 + 15. Let u be o(j). Let p = u + -9. What is the units digit of p?
6
Let j = -9 + 8. Let g = j + 22. What is the tens digit of g?
2
Let c = -11 + 6. Let r = 10 + c. Suppose 3*x + 6 = 0, 3 = s - r*x - 8. What is the units digit of s?
1
Suppose i - 520 = -2*s, 5*s - 4*i - 930 = 396. What is the hundreds digit of s?
2
Suppose 0 = k + 2*k. Suppose -11*s + 14*s - 123 = k. What is the units digit of s?
1
What is the tens digit of 91 + 1*3*1/3?
9
Let k = -2 + 14. Let p = k - -6. What is the tens digit of p?
1
Suppose 0 = -0*g + 2*g - 246. What is the tens digit of g?
2
Let b(r) = -r**2 + r + 1. Let f = -2 - -2. What is the units digit of b(f)?
1
Suppose w + 2*n = 6*n + 4, -4 = -w - 3*n. Suppose w*a = -a. Suppose 2*h - 7*h + 5 = -4*z, 4*h + z - 4 = a. What is the units digit of h?
1
Let n(h) = -2*h - 1. What is the tens digit of n(-11)?
2
Let p(i) = -38*i**2 - i - 1. Let q be p(-1). Let g = q + 54. Let n = -10 + g. What is the units digit of n?
6
Let c = 11 - 8. Suppose 0*o = 2*o. Suppose -c*n + 5*g = -15, -n = -o*n + g - 13. What is the tens digit of n?
1
Let u(y) = 167*y**2 - 12*y - 12. What is the units digit of u(-1)?
7
Let o(d) = -d**2 + 3*d + 1. Suppose 2*w + 2*w - 28 = 0. Suppose 12 = w*m - 3*m. What is the units digit of o(m)?
1
Suppose 108*f + 335 = 113*f. What is the units digit of f?
7
Let z = 2 - 0. Let k(g) = -6*g**2 + 13*g**z + 4*g - 5*g. What is the units digit of k(-1)?
8
Suppose -4*h = -19 - 1. Suppose -h*f = 1 + 9. What is the units digit of 2 - (f - -2) - 0?
2
Let k be (-2)/1 + 1*4. Suppose -12 = -k*v - 4*m, 4*m + 38 = 3*v - 0. What is the tens digit of v?
1
Let u(j) = 16*j**2 + j. Let h be u(1). Suppose 5*f - 6*f + h = 0. What is the tens digit of f?
1
Let c be 12/1 + (-12)/(-4). Let w be (10/(-6))/(5/c). What is the units digit of (-1)/((-3)/9) - w?
8
Let p(a) = -a**3 - 3*a**2 - 2*a - 2. Let j be p(-3). Let f be (-2)/j - (-50)/4. Let k = -5 + f. What is the units digit of k?
7
Suppose -2*j = -s + 3*j + 267, 3*j = 3*s - 813. What is the hundreds digit of s?
2
Let x(r) = r + 9. Let f be x(-6). Suppose 0 = 2*v - 4 - 0. Suppose -v*b = f*b - 20. What is the units digit of b?
4
Let d be (240/3 - 0) + -4. Let j = -53 + d. What is the units digit of j?
3
Suppose 5*y = 4*y + g + 9, y + 15 = -5*g. What is the units digit of ((-6)/y)/(6/(-45))?
9
What is the units digit of 12/18*(-252)/(-8)?
1
Let v = -23 + 36. What is the tens digit of v?
1
Suppose -f + 2*z + 0 = -6, f + z = -3. Let v(j) = -j**3 - j**2 - 12. Let i be v(f). What is the tens digit of ((-34)/(-3))/((-8)/i)?
1
Suppose -w + 2*t = -10, w + 2*w + 25 = -5*t. Suppose -3*m + w*m = -57. What is the tens digit of m?
1
Suppose -4*q + l = -19, 6*q - 2*q = -3*l + 23. Suppose -q*r + 3*d + 34 = -r, 2*r - 3*d - 14 = 0. Suppose -r = -2*z + 4. What is the units digit of z?
7
Let l = 10 - 16. Let p = 9 + l. What is the units digit of p?
3
Let y(r) = 11*r**2 - 3*r - 5. What is the tens digit of y(-2)?
4
Suppose -8 = -3*p - p. Suppose 0 = -p*s + 3*j + 8, 5*s + 0*s + 5*j = -30. Let r = s + 12. What is the tens digit of r?
1
Suppose -13*c - 805 = -3028. What is the hundreds digit of c?
1
Let x(p) = -6*p. Suppose 0 = -5*r - c + 4, -4*c = 6 - 22. Let i = r + -2. What is the units digit of x(i)?
2
Let j(y) = -y**3 + 11*y**2 + 16*y - 6. Suppose 0 = 2*b - 2 - 22. What is the tens digit of j(b)?
4
What is the units digit of 2 + -1 - ((0 - 89) + 2)?
8
Let q(d) = d**3 - 4*d**2 + 2*d. Let r be q(3). Let c be -1*(-6)/r + 6. Suppose c*l + 4 = 5*l. What is the units digit of l?
4
Suppose 0 = q + 2*q - 90. What is the tens digit of q?
3
Let z = -129 - -247. What is the tens digit of z?
1
Let q be 6*(-1 + (-8)/(-6)). Suppose -3 = z - 7. Suppose -j = q*t - 10, -2*t - 2*t = -2*j - z. What is the units digit of j?
4
Let f = -18 - -26. Let l be (f/(-3) + 2)*-18. Suppose 